be the third derivative of a**6/120 + 7*a**5/60 + 5*a**4/24 - a**3/6 - 4*a**2 + 1. Suppose -n - 5*i + 0 + 4 = 0, 3*n - 3*i = -24. What is q(n)?
5
Let o(n) = -7*n**2 - 6*n - 6. Let k(z) = 6 + 5*z**2 + 9*z + 2*z**2 + z**2 - 3*z. Let u(c) = 6*k(c) + 7*o(c). Suppose -14 = 3*x + 1. Give u(x).
-1
Let o(h) = -h**3 - 5*h**2 - 4*h - 3. Let s(q) = q + 15. Let l be s(0). Let w = l - 12. Suppose -4*f = 3*b - 2*b + 4, -2*f = w*b + 12. Calculate o(b).
-3
Suppose -2 = -0*q - 2*q - m, 0 = m + 4. Let y(c) = 5*c - q*c + 3*c - 4*c. What is y(6)?
6
Let n(j) = -j + j**2 - 5 - 2*j**2 - 5*j. Let b = 32 - 49. Let f = b + 12. What is n(f)?
0
Let x = -1003 - -1001. Let i(y) = -2*y**2 - 3. Determine i(x).
-11
Let r be 5/(((-90)/(-4))/9). Let y(u) = 3 - 7*u**2 + 3*u - 5 + 8*u**r. Give y(-4).
2
Let m(a) = a + 1. Let d = -16 + 19. Suppose 4 = d*c - 4*n + 2, -5*c + 2*n = -8. Suppose -4*g = 5*j + 18, -3*g - j - c = 17. Calculate m(g).
-6
Let p(z) = -z**2 - 2. Let w(s) = 2*s**2 - s + 5. Let r(t) = 8*p(t) + 3*w(t). Let u(k) = -2*k + 20. Let g be u(11). Give r(g).
-3
Suppose 4*y - 4*u - 20 = -0, 5*y + u + 5 = 0. Let f(b) = 3*b - 15. Let q(v) = 2*v - 10. Let z(a) = 5*f(a) - 8*q(a). Give z(y).
5
Let r(m) = m**3 - 6*m**2 - m + 14. Let s be r(6). Suppose 6*n = 5*n - s. Let h(j) = -5 + 2 + 6*j + j + 0*j + j**2. Determine h(n).
5
Suppose 55*s - 60*s = -40. Let r(d) = d + 11. Calculate r(s).
19
Let c(w) = -58*w + 11*w + 19*w - w**2 - 2 + 19*w. Suppose 2*l - 3 = -21. Determine c(l).
-2
Let s(n) = -13*n - 6. Let z(t) = -2*t - 1. Let w(k) = -s(k) + 6*z(k). Calculate w(-4).
-4
Let l(y) = y**3 + 4*y**2 + 3*y + 3. Suppose 20*s - 12*s = -24. Give l(s).
3
Let b(x) = -6 + 3*x - 10*x - x**3 - 5*x**2 + 0*x**2. Suppose 4*a + 0*a = 7*a. Suppose 0 = -o - a*o - 4. Calculate b(o).
6
Let w(k) = -2*k - 2. Let b = 171 + -164. What is w(b)?
-16
Let v(g) = -g**2 + 190 - g**3 - 6*g + 8*g - 157. Give v(0).
33
Let w(d) = d + 23*d + 16 - 3 - 22*d. What is w(-6)?
1
Let b be (9 - (4 + 1)) + -12. Let t(u) = 2*u**3 + 2*u**2 + 5*u + 4. Let k(g) = -5*g**3 - 5*g**2 - 14*g - 12. Let a(i) = b*t(i) - 3*k(i). Determine a(-3).
16
Let a(x) = -x**3 - 12*x**2 - x - 6. Let j(z) be the first derivative of -z**4/2 - 23*z**3/3 - 3*z**2/2 - 12*z - 7. Let c(q) = 11*a(q) - 6*j(q). Give c(-5).
-4
Let r(d) = 7 + 1 + 4*d**2 - 3*d**2 + 251*d - 249*d. Calculate r(7).
71
Let u(f) be the third derivative of f**5/60 + 13*f**4/24 - 23*f**3/6 - 188*f**2. Give u(-16).
25
Let v(n) = n - 6. Let j be 2/(-16) + (-839)/8 + -3. Let k = j - -102. Give v(k).
-12
Let x(c) be the third derivative of c**6/120 + 7*c**5/60 + c**4/4 + 21*c**2. Let l be (9/(-6))/(-3)*-12. Calculate x(l).
0
Let a(l) = 4*l**3 + 5*l**2 - 3*l + 8. Let h(s) = 1. Let d(g) = a(g) - h(g). Let k(q) = -3*q**3 - 4*q**2 + 2*q - 6. Let y(n) = -4*d(n) - 5*k(n). Give y(-2).
6
Let q be (-11)/((-154)/(-8))*7/(-1). Let g(n) = -n + 2*n**2 + n**3 + 4*n**2 + q*n**2 - 4*n**2. Give g(-6).
6
Let o be 2 - 0 - -3*2. Let l(b) = 7*b - 1 + 2 - o*b. Determine l(0).
1
Let c be (-1 + 2)*(-7 + 70/7). Let b(h) = -5 - h**3 + 0*h**c - 8*h + 11 - 2 + 10*h**2. Determine b(9).
13
Let i be 1/((-2)/(-6)*-1). Let l be (42/(-63))/((-4)/54). Let d(h) = 3*h + h**2 + l + 10 - 23. Calculate d(i).
-4
Let r(c) = -c**3 + c**2 + 5*c + 6. Let d(w) = -3*w**3 + 3*w**2 + 14*w + 17. Let m(l) = 6*d(l) - 17*r(l). Calculate m(2).
-6
Let j(r) = -r - 8. Let m(n) = n - 3. Let u be m(11). Let c(l) = l**2 - 10*l + 12. Let d be c(u). What is j(d)?
-4
Let k be (-435)/(-58)*20/75. Let j(h) be the first derivative of 1/3*h**3 + 1 + 1/2*h**2 - 2*h. Determine j(k).
4
Let v be (-8)/2 + -9 + 7 + 0. Let i be (2/(-4))/((-2)/4). Let c(w) = 5*w + 2. Let s(d) = d - 1. Let h(j) = i*c(j) - 4*s(j). Determine h(v).
0
Let h(q) = -q**3 + 16*q**2 - 15*q - 7. Let v(t) = t**3 + 12*t**2 + 22*t + 35. Let r be v(-10). What is h(r)?
-7
Let g(l) = -27*l. Let a(i) = -i**3 - 6*i**2 - 13*i - 13. Let h be a(-3). What is g(h)?
27
Let p(i) = i**3 + 6*i**2 - 2*i - 6. Let a be p(-6). Let j = 12 - a. Suppose -b + j*h - 5*h + 5 = 0, h + 4 = 0. Let w(o) = -2*o**3 + o**2 - 2*o + 1. Give w(b).
-2
Let h(g) = 3*g - 4 - 9*g - 2*g + 20 + g**2 - 13. Suppose -6*d + d = 2*x - 19, -3*x + 12 = 2*d. Suppose -3 = x*p - 3*p, -5*w = -4*p - 23. Give h(w).
-4
Let q(d) be the second derivative of -d**3/6 - 5*d**2/2 - 8*d. Give q(-5).
0
Let n = 1 - 1. Suppose 2*v - w = -4 - 1, n = -v - 4*w - 16. Let j(f) = f**2 + f - 1. Give j(v).
11
Let d(p) be the third derivative of 0*p**4 + 0*p + 2/3*p**3 - 5*p**2 + 0 - 1/120*p**5 - 1/30*p**6. Let c(q) be the first derivative of d(q). Give c(-1).
-11
Let s(p) = 8*p**3 + 2*p**2 - 3*p - 5. Let v(m) = 22*m**3 + 5*m**2 - 8*m - 13. Let n(h) = 8*s(h) - 3*v(h). Give n(1).
-2
Let q(p) = -2*p**3 + 11*p**2 + 1. Let z(u) = 6*u**2 + 0*u**3 + u**3 - 2*u**3. Let j(t) = -6*q(t) + 11*z(t). Let c = -2 + 2. What is j(c)?
-6
Let n(s) be the first derivative of s**3/3 + 4*s**2 + 4*s - 6. Let m(p) = 6*p + 1. Let t be m(-1). Calculate n(t).
-11
Let u = -11 + 13. Suppose 0*g = u*g + 28. Let n = 17 + g. Let x(s) = -s**3 + 2*s**2 + s - 4. Calculate x(n).
-10
Let c(f) = 6 - 14 - 4*f**3 + 13*f + 3*f**3 + 0. Let y(u) = -u**3 - u**2 + 12*u - 8. Let n(s) = 5*c(s) - 6*y(s). Calculate n(-7).
8
Let j(s) = -2*s**2 - 3*s + 3. Let o(i) = i**2 + i - 1. Let u(f) = 2*j(f) + 5*o(f). Let h(r) = -4*r**2 + 4*r - 1. Let m(l) = h(l) + 3*u(l). Give m(2).
0
Let c(i) be the third derivative of -i**6/120 - i**5/6 + i**4/2 + 13*i**3/6 + 43*i**2. Give c(-11).
2
Let m(v) = -v**3 - v. Let o(z) = 3*z**3 + 8*z**2 - 4*z + 10. Let j(g) = -4*m(g) - o(g). Determine j(7).
-3
Suppose -15 = u - 12. Let f(c) = 3*c - 3. Give f(u).
-12
Let v(a) be the second derivative of a**4/12 - a**3/3 - 5*a**2/2 + a. Suppose 86*r - 81*r = 4*s + 33, -5*r - 2*s = -21. Determine v(r).
10
Let m(p) = p**3 - 7*p**2 + 7*p + 2. Suppose 2*q = 3*f - 88, -5*f + f = -4*q - 116. Suppose f = 44*t - 39*t. Give m(t).
8
Let n(v) = 4*v**2 + 9*v - 3. Let u(i) = i**2 - i + 1. Let r(x) = 12*x**2 + 16*x - 2. Let w(m) = -r(m) + 3*u(m). Let c(l) = -7*n(l) - 3*w(l). What is c(-7)?
-1
Let z(u) be the second derivative of 2*u**2 + 0 + 1/12*u**4 + 11*u + 7/6*u**3. Let f be (4/3)/(2/(-9)). What is z(f)?
-2
Let l(j) = j**2 - 7*j - 2. Let c = -48 + 33. Let w be (-46)/(-2) - (6 + -4). Let n = w + c. Calculate l(n).
-8
Suppose 2*l - 6 = -4*l. Suppose -2*w - 2*g = -l + 3, 2*g = -10. Let a(z) = 6*z + 0*z**2 + 6 - 9 - z**2. What is a(w)?
5
Let h(f) = -10 + 0*f - 6*f**2 + 5 + 2*f + 4. Determine h(1).
-5
Let f(v) = v**2 + 16*v + 63. Let s be f(-9). Let r(m) be the third derivative of 3/8*m**4 + 2*m**2 + 0 + 0*m**3 + s*m. Calculate r(1).
9
Let d = -471 + 464. Let w(c) = -c + 3. Let s(g) = 2*g - 4. Let a(p) = 2*s(p) + 3*w(p). Determine a(d).
-6
Let s be ((-4)/(-8))/((-1)/60). Let x be (-4)/14 - s/7. Suppose 3*d + 18 = 4*o, 3*o + 12 = 2*d - x*d. Let k(n) = n + 7. Calculate k(d).
1
Let c = 2410 - 2407. Let n(d) be the second derivative of -2*d + 1/3*d**3 + 0 - 1/12*d**4 + d**2. Give n(c).
-1
Let y = -95 + 97. Let k(r) = -8 - 15*r**y - 9*r**2 + 5*r + 25*r**2. Give k(-7).
6
Let z(j) = -j**2 - 5*j + 2. Let v be 6/21 - (-699)/(-21). Let l be (-18)/63 - v/(-7). Let b be l - 0*(-2)/4. Calculate z(b).
2
Let z(i) = -i**2 + 31. Let y = 282 + -282. Determine z(y).
31
Let g(o) = -o + 3. Let c be 3 + -28 + (0 - 1 - -1). Let x = -29 - c. Calculate g(x).
7
Let a(b) be the first derivative of 2*b**2 - 1/60*b**5 + 0*b - 3/8*b**4 - 7 - 4/3*b**3. Let g(y) be the second derivative of a(y). Give g(-6).
10
Let a(u) be the first derivative of u + 44 - 13/3*u**3 - u**2. Let d = 1 - 0. Give a(d).
-14
Let x(z) = -7 - 3*z + 3*z + 6 + 4*z. Suppose -2 = 16*n - 17*n. What is x(n)?
7
Let r(x) = -13*x**3 - 3*x**2 + 12. Let l(a) = -2*a**3 - a**2 + 1. Let k(n) = -6*l(n) + r(n). Give k(4).
-10
Let i(d) = 4*d**3 + 0 - d**3 + 1. Suppose 6 = 15*k - 9*k. Let n be i(k). Let t(s) = -s**3 + 4*s**2 + 2*s - 3. Calculate t(n).
5
Let f(w) = -2*w**2 + 2*w - 1. Let k = 858 - 856. Calculate f(k).
-5
Let l = -194 - -205. Let s(u) = -2*u + 14. Give s(l).
-8
Let h(j) = -j**2 + 6*j + 1. Let y be (3 - 2 - -2)*10/5. Calculate h(y).
1
Let b(l) = -l**2 - 7*l + 2. Suppose 3*v = 2*v + 4*a - 12, 0 = -5*v - 4*a + 12. Suppose 5*d - 5*z + 35 = 2*d, v = -3*d - 3*z - 3. Calculate b(d).
12
Let v(d) = -d**2 + 10*d - 3. Let x = -19 